-- MySQL dump 10.9
--
-- Host: localhost    Database: schulungen
-- ------------------------------------------------------
-- Server version	4.1.10-nt

/*!40101 SET @OLD_CHARACTER_SET_CLIENT=@@CHARACTER_SET_CLIENT */;
/*!40101 SET @OLD_CHARACTER_SET_RESULTS=@@CHARACTER_SET_RESULTS */;
/*!40101 SET @OLD_COLLATION_CONNECTION=@@COLLATION_CONNECTION */;
/*!40101 SET NAMES utf8 */;
/*!40014 SET @OLD_UNIQUE_CHECKS=@@UNIQUE_CHECKS, UNIQUE_CHECKS=0 */;
/*!40014 SET @OLD_FOREIGN_KEY_CHECKS=@@FOREIGN_KEY_CHECKS, FOREIGN_KEY_CHECKS=0 */;
/*!40101 SET @OLD_SQL_MODE=@@SQL_MODE, SQL_MODE='NO_AUTO_VALUE_ON_ZERO' */;

--
-- Table structure for table `kurs`
--

DROP TABLE IF EXISTS `kurs`;
CREATE TABLE `kurs` (
  `kursnr` int(11) NOT NULL auto_increment,
  `kursname` varchar(100) default NULL,
  `maxanz` int(11) default NULL,
  `kosten` double default NULL,
  `raum` varchar(8) default NULL,
  `leiternr` int(11) default NULL,
  PRIMARY KEY  (`kursnr`)
) ENGINE=InnoDB DEFAULT CHARSET=utf8;

--
-- Dumping data for table `kurs`
--


/*!40000 ALTER TABLE `kurs` DISABLE KEYS */;
LOCK TABLES `kurs` WRITE;
INSERT INTO `kurs` VALUES (1,'Einf?hrung in Word',16,120.5,'C28',1),(2,'Einf?hrung in Excel',14,140.9,'C27',2),(3,'Serienbriefe in Word',16,45.9,'C28',1),(4,'Formeln in Excel',14,55.9,'C27',2),(5,'E-Mail for you',16,25.9,'C12',3);
UNLOCK TABLES;
/*!40000 ALTER TABLE `kurs` ENABLE KEYS */;

--
-- Table structure for table `kursleiter`
--

DROP TABLE IF EXISTS `kursleiter`;
CREATE TABLE `kursleiter` (
  `leiternr` int(11) NOT NULL auto_increment,
  `nachname` varchar(50) NOT NULL default '',
  `vorname` varchar(50) default NULL,
  `anschrift` varchar(200) default NULL,
  `email` varchar(50) default NULL,
  `telefon` varchar(50) default NULL,
  PRIMARY KEY  (`leiternr`)
) ENGINE=InnoDB DEFAULT CHARSET=utf8;

--
-- Dumping data for table `kursleiter`
--


/*!40000 ALTER TABLE `kursleiter` DISABLE KEYS */;
LOCK TABLES `kursleiter` WRITE;
INSERT INTO `kursleiter` VALUES (1,'Mueller','Ernst','Blauweg 1, 66666 Seeligdorf','ernst@vvv.com','01011111'),(2,'Meyer','Heinz','Blauweg 2, 66666 Seeligdorf','heinz@vvv.com','01012222'),(3,'Mayer','Hanne','Blauweg 3, 66666 Seeligdorf','hanne@vvv.com','01013333'),(4,'Maier','Gudrun','Blauweg 4, 66666 Seeligdorf','gudrun@vvv.com','01013333');
UNLOCK TABLES;
/*!40000 ALTER TABLE `kursleiter` ENABLE KEYS */;

--
-- Table structure for table `kursteilnehmer`
--

DROP TABLE IF EXISTS `kursteilnehmer`;
CREATE TABLE `kursteilnehmer` (
  `teilnehmernr` int(11) NOT NULL auto_increment,
  `nachname` varchar(50) NOT NULL default '',
  `vorname` varchar(50) default NULL,
  `anschrift` varchar(200) default NULL,
  `email` varchar(50) default NULL,
  `telefon` varchar(50) default NULL,
  PRIMARY KEY  (`teilnehmernr`)
) ENGINE=InnoDB DEFAULT CHARSET=utf8;

--
-- Dumping data for table `kursteilnehmer`
--


/*!40000 ALTER TABLE `kursteilnehmer` DISABLE KEYS */;
LOCK TABLES `kursteilnehmer` WRITE;
INSERT INTO `kursteilnehmer` VALUES (1,'Musterknabe','Hugo','Gr?nallee 3, 55555 Gl?cksstadt','hugo@ttt.com','0202444'),(2,'Nettedame','Anna','Rotstraáe 3, 55555 Gl?cksstadt','anna@ttt.com','0202555'),(3,'Beispielperson','Gustav','Rotstraáe 10, 55555 Gl?cksstadt','gustav@ttt.com','02021010'),(4,'Beispielperson','Susi','Rotstraáe 8, 55555 Gl?cksstadt','susi@ttt.com','02028888'),(5,'Beispiel','Sandra','Rotstraáe 1, 55555 Gl?cksstadt','sandra@ttt.com','02021111'),(6,'Musterschueler','Sebastian','Rotstraáe 3, 55555 Gl?cksstadt','sebastian@ttt.com','02023333'),(7,'Musterschuelerin','Doris','Rotstraáe 5, 55555 Gl?cksstadt','doris@ttt.com','02025555');
UNLOCK TABLES;
/*!40000 ALTER TABLE `kursteilnehmer` ENABLE KEYS */;

--
-- Table structure for table `teilnehmerkurs`
--

DROP TABLE IF EXISTS `teilnehmerkurs`;
CREATE TABLE `teilnehmerkurs` (
  `teilnehmernr` int(11) NOT NULL default '0',
  `kursnr` int(11) NOT NULL default '0',
  PRIMARY KEY  (`teilnehmernr`,`kursnr`)
) ENGINE=InnoDB DEFAULT CHARSET=utf8;

--
-- Dumping data for table `teilnehmerkurs`
--


/*!40000 ALTER TABLE `teilnehmerkurs` DISABLE KEYS */;
LOCK TABLES `teilnehmerkurs` WRITE;
INSERT INTO `teilnehmerkurs` VALUES (1,1),(1,2),(1,3),(2,1),(2,4),(3,2),(3,4),(4,4),(5,1),(5,2),(5,4),(5,5),(6,1),(6,3),(6,5),(7,2),(7,5);
UNLOCK TABLES;
/*!40000 ALTER TABLE `teilnehmerkurs` ENABLE KEYS */;

/*!40101 SET SQL_MODE=@OLD_SQL_MODE */;
/*!40014 SET FOREIGN_KEY_CHECKS=@OLD_FOREIGN_KEY_CHECKS */;
/*!40014 SET UNIQUE_CHECKS=@OLD_UNIQUE_CHECKS */;
/*!40101 SET CHARACTER_SET_CLIENT=@OLD_CHARACTER_SET_CLIENT */;
/*!40101 SET CHARACTER_SET_RESULTS=@OLD_CHARACTER_SET_RESULTS */;
/*!40101 SET COLLATION_CONNECTION=@OLD_COLLATION_CONNECTION */;

